{"id":652,"date":"2024-10-03T22:38:19","date_gmt":"2024-10-03T22:38:19","guid":{"rendered":"https:\/\/zealous-bose.92-205-224-54.plesk.page\/?post_type=product&#038;p=652"},"modified":"2024-10-14T12:31:12","modified_gmt":"2024-10-14T10:31:12","slug":"makroaudio-proxium-power","status":"publish","type":"product","link":"https:\/\/makroaudio.de\/index.php\/produkt\/makroaudio-proxium-power\/","title":{"rendered":"Makroaudio PROxium Power"},"content":{"rendered":"<p class=\"headline\">Makroaudio PROxium Power Endverst\u00e4rker<\/p>\n<p><strong><em>Nicht mehr lieferbar<\/em>. <\/strong><\/p>\n<p><strong>Hier finden Sie das <a href=\"https:\/\/makroaudio.de\/index.php\/produkt\/makroaudio-proxium-power-v2\/\">Nachfolgemodell<\/a><\/strong><\/p>\n<p><strong>Testberichte:<br \/>\n<a href=\"https:\/\/hifi-ifas.de\/test-makroaudio-proxium-power-high-end-endverstaerker-mit-circlotron-schaltung\" target=\"\u201d_blank\u201d\" rel=\"noopener\">HiFi-IFAs 04\/2022<\/a> oder als PDF zum Download: <a href=\"http:\/\/makroaudio.de\/media\/downloads\/proxium_test_hifi_ifas.pdf\" target=\"_blank\" rel=\"noopener\">PROxium Test HiFi-IFAs<\/a><\/strong><\/p>\n<p>Weitere Reviews:<br \/>\n<a href=\"http:\/\/www.hifi-forum.de\/viewthread-275-1855.html\" target=\"_blank\" rel=\"noopener\">HiFi-Forum<\/a><br \/>\nYoutube Video ab 0:23min \u00fcber unsere LittleBIGs, die nach unserer Circlotrone-Schaltung laufen:<br \/>\n<a href=\"https:\/\/www.youtube.com\/watch?v=JMytPJzGTDg\" target=\"_blank\" rel=\"noopener\">\u00fcber Kleine LittleBIGs<\/a><\/p>\n<p>Mit dem &#8222;PROxium Power&#8220; haben wir konsequent ein Ziel verfolgt: eine unverf\u00e4lschte, originalgetreue Wiedergabe. Die Aufgabe der PROxium Serie ist die Aufnahmen so gut und transparent wie m\u00f6glich wiederzugeben. Unsere Endstufe hat volle verzerrungsfreie Kontrolle \u00fcber die Lautsprechern und holt das Maximum an Klangqualit\u00e4t selbst aus problematischen Lautsprechern heraus.<\/p>\n<p>Unsere Schaltung basiert auf kaum verbreiteter &#8222;Circlotron&#8220; Schaltung. Diese ist naturgem\u00e4\u00df vollsymmetrisch und das ohne Einsatz der doppelten Anzahl an Ausgangsstufen. Die Circlotron Schaltung ist unempfindlich gegen Brummen und sonstigen St\u00f6rungen aus dem Netz. Au\u00dferdem ben\u00f6tigt man keine komplement\u00e4re Transistorpaare in der Ausgangsstufe, was die Auswahl an Transistoren drastisch erh\u00f6ht. Statt mehrere schw\u00e4chere Transistoren parallel zu schalten, verwenden wir einen einzigen, aber sehr leistungsf\u00e4higen MOSFET-Ausgangstransistor pro Halbwelle. Wegen Patentrechten wird die Schaltung in kommerziellen Projekten vergleichsweise selten angewendet.<br \/>\nNach langer Entwicklung haben wir eine Circlotron Schaltung entwickelt, die keine Patentrechte verletzt und gleichzeitig\u00a0 einige Vorteile bietet. Unsere Schaltung erlaubt den Einsatz einer lokalen schnellen Gegenkopplung in der Ausgangsstufe &#8211; eine Linearisierung der elektrischen und somit auch klanglichen Eigenschaften der Endstufe. Diese Gegenkopplung erh\u00f6ht den D\u00e4mpfungsfaktor, vermindert Verzerrungen und erh\u00f6ht die Bandbreite. Die Endstufe wird dadurch nahezu ideal und f\u00fcgt keine eigene Klangfarben in eingehendes Signal hinzu.<br \/>\nWir haben explizit auf die diskrete Schaltung verzichtet und unsere Circlotron Schaltung mit den neuesten Burr-Brown OpAmps verwirklicht. Das Besondere: die Ansteuerung der Ausgangsstufen erfolgt indirekt \u00fcber die Stromversorgungsanschl\u00fcsse der OpAmps. Die eigentliche Ausgangsanschl\u00fcsse der OpAmps arbeiten gegeneinander an einen gemeinsamen rein ohmschen Widerstand. An die Ausg\u00e4nge der Opamps wird au\u00dferdem ein Signal der lokalen Gegenkopplung zur\u00fcckgef\u00fchrt. Durch diese Schaltungsanordnung werden nur positive Eigenschaften eines Operationsverst\u00e4rkers genutzt.<\/p>\n<p>Es ist wohl die einzige Circlotron Schaltung dieser Art.<\/p>\n<p>&#8211; Class-AB Stereo-Endstufe mit 140W\/240W pro Kanal an 8 Ohm\/4 Ohm<br \/>\n&#8211; eine eigens entwickelte Circlotrone-Technologie<br \/>\n&#8211; vollsymmetrischer Schaltungsaufbau<br \/>\n&#8211; getrennte Stromversorgung f\u00fcr Eingangs- und Ausgangsstufen, kanalgetrennt<br \/>\n&#8211; ein einziger aber sehr leistungsf\u00e4higer MOSFET Ausgangstransistor pro Halbwelle (zwei pro Kanal)<br \/>\n&#8211; vollvergossener 600 VA Ringkerntransformator<br \/>\n&#8211; impulsfeste Siebelkos von EPCOS mit 96000 \u03bcF Gesamtkapazit\u00e4t<br \/>\n&#8211; verlustarme und st\u00f6rungsfreie Schottky-Gleichrichterdioden im Netzteil<br \/>\n&#8211; Nichicon Elektrolytkondensatoren aus &#8222;MUSE&#8220; und &#8222;Fine Gold&#8220; Serie<br \/>\n&#8211; neueste Operationsverst\u00e4rker von BURR-BROWN<br \/>\n&#8211; XLR und Cinch Eing\u00e4nge<br \/>\n&#8211; Softstart Einschaltverz\u00f6gerung<br \/>\n&#8211; Schutzschaltungen gegen Gleichspannung, \u00dcbertemperatur und \u00dcberlast ohne Relais im Ausgangskreis<br \/>\n&#8211; Fernschalten per Trigger<br \/>\n&#8211; hochwertiges Aluminiumgeh\u00e4use mit 10mm dicker Frontplatte<br \/>\n&#8211; Frontplatte wahlweise natur oder schwarz eloxiert<br \/>\n&#8211; handgefertigt in Deutschland<br \/>\n&#8211; 2 Jahre Garantie<\/p>\n<p><a href=\"http:\/\/makroaudio.de\/media\/downloads\/technische_daten_proxium_power.pdf\" target=\"_blank\" rel=\"noopener\">Technische Daten<\/a><\/p>\n","protected":false},"excerpt":{"rendered":"<p>Stereo Endstufe<\/p>\n","protected":false},"featured_media":620,"comment_status":"open","ping_status":"closed","template":"","meta":[],"product_cat":[19],"product_tag":[48],"jetpack_sharing_enabled":true,"_links":{"self":[{"href":"https:\/\/makroaudio.de\/index.php\/wp-json\/wp\/v2\/product\/652"}],"collection":[{"href":"https:\/\/makroaudio.de\/index.php\/wp-json\/wp\/v2\/product"}],"about":[{"href":"https:\/\/makroaudio.de\/index.php\/wp-json\/wp\/v2\/types\/product"}],"replies":[{"embeddable":true,"href":"https:\/\/makroaudio.de\/index.php\/wp-json\/wp\/v2\/comments?post=652"}],"wp:featuredmedia":[{"embeddable":true,"href":"https:\/\/makroaudio.de\/index.php\/wp-json\/wp\/v2\/media\/620"}],"wp:attachment":[{"href":"https:\/\/makroaudio.de\/index.php\/wp-json\/wp\/v2\/media?parent=652"}],"wp:term":[{"taxonomy":"product_cat","embeddable":true,"href":"https:\/\/makroaudio.de\/index.php\/wp-json\/wp\/v2\/product_cat?post=652"},{"taxonomy":"product_tag","embeddable":true,"href":"https:\/\/makroaudio.de\/index.php\/wp-json\/wp\/v2\/product_tag?post=652"}],"curies":[{"name":"wp","href":"https:\/\/api.w.org\/{rel}","templated":true}]}}