{"id":565,"date":"2024-10-03T15:51:39","date_gmt":"2024-10-03T15:51:39","guid":{"rendered":"https:\/\/zealous-bose.92-205-224-54.plesk.page\/?post_type=product&#038;p=565"},"modified":"2026-05-14T10:17:29","modified_gmt":"2026-05-14T08:17:29","slug":"makroaudio-steinberg-v2","status":"publish","type":"product","link":"https:\/\/makroaudio.de\/index.php\/produkt\/makroaudio-steinberg-v2\/","title":{"rendered":"Makroaudio Steinberg-V2"},"content":{"rendered":"<p class=\"headline\">Makroaudio Steinberg-V2 Kopfh\u00f6rerverst\u00e4rker, Vorverst\u00e4rker, DA-Wandler<\/p>\n<p><strong>Update 07\/2024:<\/strong> Der Steinberg wurde mit Bluetooth-Modul ausgestattet. Das Signal vom Modul wird f\u00fcr verlustfreie Wiedergabe rein digital im I2S Format in den DAC eingespeist. Unser BT-Modul unterst\u00fctzt aptX und aptX-HD f\u00fcr drahtlose Audio-\u00dcbertragung in hoher CD-Qualit\u00e4t.<\/p>\n<p><strong>Testberichte:<br \/>\n<a href=\"https:\/\/hifi-ifas.de\/test-kopfhoererverstaerker-mit-dac-und-vorverstaerker-makroaudio-steinberg-v2\" target=\"_blank\" rel=\"noopener\">HiFi-IFAs 11\/2023<\/a> oder als PDF zum Download: <a href=\"http:\/\/makroaudio.de\/media\/downloads\/231119-Makroaudio-Steinberg-V2-KHV-Vorstufe-DAC-HiFi-IFAs.pdf\" target=\"_blank\" rel=\"noopener\">Steinberg V2 Test HiFi-IFAs<\/a><\/strong><\/p>\n<p>Artkelbeschreibung:<\/p>\n<p>&#8222;Der Steinberg V2 ist nicht der Steinberg &#8211; es ist DER Steinberg!&#8220;<br \/>\nDer Steinberg ist ein Kopfh\u00f6rerverst\u00e4rker der nicht nur f\u00fcr den Zweck entwickelt wurde, alle dynamische Kopfh\u00f6rer problemlos anzutreiben, sondern auch das Maximum an Klangqualit\u00e4t daraus zu holen. Unser Verst\u00e4rker bietet beste Voraussetzungen f\u00fcr unverf\u00e4lschte originaltreue Wiedergabe. Der Kopfh\u00f6rer klingt exakt so, wie es vom Kopfh\u00f6rerhersteller vorgesehen wurde. Dank des symmetrischen Betriebs ist das Ger\u00e4t auch zur Ansteuerung von symmetrischen Kopfh\u00f6rern geeignet. Der Kopfh\u00f6rerverst\u00e4rker hat eine automatische zweistufige \u201eGain\u201c-Umschaltung. Damit wird die Verst\u00e4rkung an jeden Kopfh\u00f6rer angepasst. Der Steinberg-V2 ist au\u00dferdem ein hervorragender Vorverst\u00e4rker und idealer \u201eSpielpartner\u201c f\u00fcr unsere LittleBIG Endstufen.<br \/>\nDie Schaltung des &#8222;Steinberg&#8220; wurde umfangreich modifiziert. Um symmetrische Kopfh\u00f6rer antreiben zu k\u00f6nnen, wurde Anzahl den Endstufen verdoppelt. Ruhestromverbrauch den Endstufen wurde f\u00fcnffach reduziert. Die Lautst\u00e4rkeregelung auf Festwiderst\u00e4nde mit Relais-Umschaltung umgestellt, damit selbst auf niedrigster Lautst\u00e4rkestufe keine Differenzen zwischen den Kan\u00e4len auftreten. Die Bandbreite und der Frequenzbereich wurde deutlich aufgeweitet.<\/p>\n<p>Features:<br \/>\n&#8211; drei analoge (Balanced, Line-1, Line-2) und vier digitale Eing\u00e4nge (Toslink, Coaxial, USB, Bluetooth)<br \/>\n&#8211; symmetrische und asymmetrische Ein- und Ausg\u00e4nge<br \/>\n&#8211; Neutrik Kopfh\u00f6reranschlusse 6,3mm Klinke und 4-Pol XLR &#8211; f\u00fcr symmetrische Kopfh\u00f6rer<br \/>\n&#8211; f\u00fcr 8 bis 600 Ohm Kopfh\u00f6rer geeignet<br \/>\n&#8211; Multifunktionale analoge Ausg\u00e4nge: zur Integration in eine bestehende Anlage oder einfach als direkte DA-Wandler Ausg\u00e4nge<br \/>\n&#8211; automatische zweistufige \u201eGain\u201c-Umschaltung (6dB und 20dB)<br \/>\n&#8211; pr\u00e4zise relaysgeschaltete Lautst\u00e4rkeregelung<br \/>\n&#8211; Schrittmotor als Drehgeber mit Tastknopf f\u00fcr men\u00fcgesteuerte Bedienung<br \/>\n&#8211; Lautst\u00e4rke und Eingangswahl fernbedienbar<br \/>\n&#8211; ESS Sabre ES9038 Q2M 32bit Wandlerchip letzter Generation mit patentierter Technik zur Jittereliminierung von ESS Technology<br \/>\n&#8211; XMOS USB-Audio Controller f\u00fcr asynchrone \u00dcbertragung (kein Treiber unter MAC OS und Linux notwendig)<br \/>\n&#8211; Bluetooth Modul mit aptX und aptX-HD Unterst\u00fctzung f\u00fcr drahtlose Audio-\u00dcbertragung in hoher CD-Qualit\u00e4t<br \/>\n&#8211; Unterst\u00fctzte Sampling-Frequenzen:<br \/>\nToslink, Coaxial: PCM 44.1Khz 48Khz 88.2Khz 96Khz 176.4Khz 192Khz<br \/>\nUSB: PCM 44.1Khz 48Khz 88.2Khz 96Khz 176.4Khz 192Khz 352.8Khz 384Khz 705.6Khz 768Khz<br \/>\nDSD DSD64 DSD128 DSD256 DSD512 nativ unter Windows, unter MAC OS bis DSD256 in DoP Mode<br \/>\n&#8211; vollvergossener 50W Ringkerntransformator<br \/>\n&#8211; sehr musikalische Nichicon Elektrolytkondensatoren aus der h\u00f6chsten &#8222;Muse&#8220; Serie<br \/>\n&#8211; hochwertige MOSFET Transistoren in den Ausgangsstufen<br \/>\n&#8211; handgefertigt in Deutschland<br \/>\n&#8211; 2 Jahre Garantie<\/p>\n<p><a href=\"http:\/\/makroaudio.de\/media\/downloads\/Daten_makroaudio_Steinberg.pdf\" target=\"_blank\" rel=\"noopener\">Technische Daten<\/a><\/p>\n<p><a href=\"http:\/\/makroaudio.de\/media\/downloads\/Bedienungsanleitung_makroaudio_Steinberg.pdf\" target=\"_blank\" rel=\"noopener\">Bedienungsanleitung<\/a><\/p>\n<p><a href=\"http:\/\/makroaudio.de\/media\/downloads\/Thesycon-Stereo-USB-Audio-Driver-V224.rar\" target=\"_blank\" rel=\"noopener\">Windows Treiber<\/a><\/p>\n","protected":false},"excerpt":{"rendered":"<p>Kopfh\u00f6rerverst\u00e4rker \/ Vorverst\u00e4rker \/ DA-Wandler<\/p>\n","protected":false},"featured_media":567,"comment_status":"open","ping_status":"closed","template":"","meta":[],"product_cat":[20,21],"product_tag":[49,50],"jetpack_sharing_enabled":true,"_links":{"self":[{"href":"https:\/\/makroaudio.de\/index.php\/wp-json\/wp\/v2\/product\/565"}],"collection":[{"href":"https:\/\/makroaudio.de\/index.php\/wp-json\/wp\/v2\/product"}],"about":[{"href":"https:\/\/makroaudio.de\/index.php\/wp-json\/wp\/v2\/types\/product"}],"replies":[{"embeddable":true,"href":"https:\/\/makroaudio.de\/index.php\/wp-json\/wp\/v2\/comments?post=565"}],"wp:featuredmedia":[{"embeddable":true,"href":"https:\/\/makroaudio.de\/index.php\/wp-json\/wp\/v2\/media\/567"}],"wp:attachment":[{"href":"https:\/\/makroaudio.de\/index.php\/wp-json\/wp\/v2\/media?parent=565"}],"wp:term":[{"taxonomy":"product_cat","embeddable":true,"href":"https:\/\/makroaudio.de\/index.php\/wp-json\/wp\/v2\/product_cat?post=565"},{"taxonomy":"product_tag","embeddable":true,"href":"https:\/\/makroaudio.de\/index.php\/wp-json\/wp\/v2\/product_tag?post=565"}],"curies":[{"name":"wp","href":"https:\/\/api.w.org\/{rel}","templated":true}]}}